 Suppose -3 = -x + 6. Let h(m) = m**2 + 2*m + 1. Let q(v) = x*h(v) + 2*o(v). Calculate q(3).
0
Let z(l) = -l**3 + 8*l**2 - 15*l + 10. Let o be z(6). Let j(s) = -2*s + 2. Calculate j(o).
18
Suppose 0 = 4*t + 5 - 13. Let n(b) = -1 + b**t + 2 - 4*b + 0 - 2*b. Suppose -2*x + 2*i - 21 = -5*x, x + 4 = 3*i. What is n(x)?
-4
Let k(b) = b + 8 - 8 - 5*b + 6. Let h = 7 + -3. What is k(h)?
-10
Let l = -4 + 5. Suppose -s + 0 = -l. Let i(m) = -m**2. Let u(z) = -z. Let o(g) = -5*i(g) + u(g). What is o(s)?
4
Let y(q) be the second derivative of -4*q**2 + 1/12*q**4 - 3*q + 1/6*q**3 + 0. What is y(0)?
-8
Let l be 3/(-1) + 7*8. Suppose 3*f - 22 = l. Let g(p) = 4*p**3 + f - 25. Determine g(1).
4
Let v(r) = 4*r - 4. Let m(t) = -8*t + 8. Let n(j) = 2*m(j) + 5*v(j). Let o(d) = -d + 1. Let h(i) = 2*n(i) + 9*o(i). Suppose 0 = -z + 4*z. Give h(z).
1
Suppose 0 = -y - 4*y + 25. Let q(v) = -y*v + 2*v**2 - 3*v**2 - 4 - v**2. Determine q(-3).
-7
Suppose -3*p + 2*p - 6 = 0. Let k(w) = -10*w**3 + 6*w**2 + 5*w + 6. Let l(q) = -19*q**3 + 11*q**2 + 9*q + 11. Let b(c) = p*l(c) + 11*k(c). Calculate b(-1).
-5
Let v(k) = -k**2 + k + 4. Let i be v(0). Let j(d) = -d - 4. Let s(w) = 0 - 4 - 3 - 2*w. Let t(f) = 7*j(f) - 4*s(f). Determine t(i).
4
Let t(f) = 2*f + 23. Let j be t(-9). Let z(o) = -o**3 + 4*o**2 + 3*o. What is z(j)?
-10
Let s be (0 - -2)*(-8)/(-4). Let n(t) = t - 1. Calculate n(s).
3
Let w(f) = -4*f - 3 - f**3 - 2*f - f - 7*f**2. Let m be w(-6). Suppose 0 = j - m*j - 10. Let h(s) = s**2 + 5*s. Calculate h(j).
0
Let p(y) be the third derivative of y**9/60480 - y**8/5040 + y**7/2520 + y**6/240 - y**5/60 - y**2. Let g(v) be the third derivative of p(v). Give g(3).
0
Suppose -2*c - 17 = -9. Let m(y) = -y**3 - 5*y**2 - 3*y - 2. Determine m(c).
-6
Let z be 5/(10/4 + -2). Suppose -7*h = -2*h - z. Let r(k) = -k**2 - 3*k + h*k**2 + 0*k - 4. Determine r(4).
0
Let d(a) be the third derivative of -a**7/840 - a**6/90 + a**5/60 - a**4/8 - 5*a**3/6 + a**2. Let i(k) be the first derivative of d(k). Calculate i(-4).
-11
Let s(u) = -7*u + 1 + 0*u + 3*u + 2*u**2 + u**3. Suppose 6*i + 45 = i. Let x = i + 6. Calculate s(x).
4
Let z(u) be the third derivative of -u**8/6720 - u**7/2520 + u**6/360 - u**5/120 - u**4/6 + 5*u**2. Let g(s) be the second derivative of z(s). Calculate g(1).
-1
Let z(l) = -l**3 + 10*l**2 + 11*l + 1. Let u be z(11). Let j(f) be the third derivative of 0*f**3 + 1/24*f**4 + 0*f - 3*f**2 + 0. Give j(u).
1
Let m(c) = c - 5. Let g = 23 + -19. Let f be 0/(4/2 - 1). Suppose -6*n = -n + 3*k + 12, f = -g*n - k - 4. Determine m(n).
-5
Suppose -2*v + 4 = -0*v. Let w(p) = 12*p**2 - 4*p - 1 + 8*p**v - 28*p**2 + 10*p**2. What is w(3)?
5
Let h(o) = 4*o - 2. Let s be h(0). Let q(a) = a**2 + a - 2. Determine q(s).
0
Let z be -3 - 7/((-7)/4). Let k(d) = d**3 - 2*d**2 - 2*d + 3 - z + 0*d. Calculate k(2).
-2
Let r(c) = -c**3 - 13*c**2 - 11*c + 13. Let m be r(-12). Let a(z) = 5*z - 1. Calculate a(m).
4
Let s(c) be the third derivative of -c**7/5040 + c**6/720 + c**5/10 + 3*c**2. Let u(j) be the third derivative of s(j). Let p = 1 + 5. Give u(p).
-5
Let b be (12/2)/(15/10). Suppose b*n = 0, 15 = -2*i + 5*n + 5. Let d(w) be the first derivative of w**4/4 + 4*w**3/3 - w**2 + 7*w - 1. What is d(i)?
-8
Let s(p) be the first derivative of 5*p - 2*p**2 - 2 - 2/3*p**3. What is s(-4)?
-11
Let k(q) = -q. Let x be ((-2)/3)/((-10)/(-45)). Determine k(x).
3
Let u(d) = d**2 - 2 + 1 - 5*d**2 - d**3. Let a(n) = 2*n**3 + 4*n**2 + 2*n. Let x be 8/(-5) - 6/15. Let v be a(x). Calculate u(v).
-1
Let h(f) = -f**3 - 5*f**2 - 3*f - 4. Let p(r) = -7*r + 39. Let g be p(6). What is h(g)?
-13
Let g(q) = 16*q - 8. Let s(o) = -64*o + 31. Let p(m) = -9*g(m) - 2*s(m). Let l(h) = -3*h + 2. Let u(b) = -22*l(b) + 4*p(b). Calculate u(5).
6
Suppose -4*n = -0*n. Let q(x) be the third derivative of n*x - 1/3*x**3 - x**2 + 0 - 5/24*x**4 - 1/60*x**5. Calculate q(-2).
4
Suppose -11 = 5*s + 14. Let d(o) = o**3 + 4*o**2 - 5*o - 4. Calculate d(s).
-4
Suppose -3 - 1 = 4*a. Let z(v) = v**2 + 1. What is z(a)?
2
Let y be (10/(-30))/(2/36). Let n(z) be the third derivative of z**5/60 + 7*z**4/24 + z**3/2 + z**2. Give n(y).
-3
Suppose 4*k - 20 = -0*k. Let q(c) = -6*c**2 - c**3 - 1 + 7*c + c**3 + c**3. What is q(k)?
9
Let w(a) = -a - 1. Let n(s) = -s - 1. Let h be n(1). Let q be (h + (9 - 3))/2. Determine w(q).
-3
Let c be (-2)/(-9) - 104/(-18). Let z be c/9 - 17/3. Let s(p) = -3 - p**3 - 7*p - p**2 + 2*p - 5*p**2. Calculate s(z).
-3
Let t(q) = -q**2 - 9*q + 10. Let v be t(-10). Let l be 1/(-1 + v) + -5. Let p(s) = -s + 2. What is p(l)?
8
Let v(o) = 1. Let r(w) = -w - 3. Let y(j) = -r(j) - 3*v(j). Suppose 2*c = -4*c. Give y(c).
0
Suppose -3*g + 8*g - 20 = 0. Let m(j) = -4 + g*j - 3 - 3*j + 6. Determine m(-1).
-2
Suppose -3*m - 12 = 9. Let g(d) = -d**3 - 6*d**2 + 6*d - 8. Give g(m).
-1
Let u(t) be the first derivative of t**3/3 + 2*t**2 - 6*t + 1. Suppose -15 - 21 = 5*o - 2*g, -o - 12 = -2*g. What is u(o)?
6
Let p(g) = 28*g - 3*g**2 - g**3 + 10*g**2 - 29*g + 26 - 16. Determine p(7).
3
Let b be (-2 - -7) + 1 + -2. Let a(x) = -6*x - 8. Let s(q) = 2*q + 3. Let p(h) = 4*a(h) + 11*s(h). Determine p(b).
-7
Suppose 5*x = 2*r + r - 35, r + x - 1 = 0. Let u(g) be the second derivative of g**3/6 - 4*g**2 + 3*g. What is u(r)?
-3
Let p = -2 + 7. Let b(j) = -2*j**3 - 4*j**2 - 4*j - 7. Let d(v) = v**3 + 4*v**2 + 4*v + 6. Let l(y) = 2*b(y) + 3*d(y). Give l(p).
-1
Suppose -4 + 88 = 6*x. Let p = x + -10. Let d(v) = -4*v**2 - 19*v + 11. Let l(j) = j**2 + 6*j - 4. Let q(w) = 2*d(w) + 7*l(w). What is q(p)?
-6
Let b(i) = -i. Suppose 2*g + 12 = 6*g. Let w be 2/(-3)*(-18)/g. What is b(w)?
-4
Let k be (-2)/4*-2*1. Let v(c) = c + 0 - 28*c**3 + k + 27*c**3 + 5. Calculate v(0).
6
Let n be -3 + 2 - -1*3. Let p(b) = 0*b**n + 5*b**2 + 2 - 5 - b**3 - 2*b**2. What is p(3)?
-3
Let q(g) = 3 + 6*g - 5 + 1. Let k(f) = 2*f**2 + 7*f - 3. Let w be k(-4). Calculate q(w).
5
Let m(w) = -3*w**3 + 6*w**2 + 2*w + 2*w - 7 + 4*w**3. Suppose 2*n + q = -0*n + 18, -3*n + 4*q + 5 = 0. Let k(o) = o - 12. Let f be k(n). What is m(f)?
-2
Let n(d) = 6*d - 3. Let p(h) = -5*h + 3. Let o(i) = -4*n(i) - 5*p(i). What is o(6)?
3
Let m be (-1 - 0)*(2 - 3). Let g(i) = 4*i - 1. Let n be g(m). Let f(c) = 0*c**3 - c**n + 3*c - 2*c. Give f(0).
0
Let k = 2 + 9. Suppose -35 = -2*r + h, 56 = 3*r - 2*h + 1. Let p = r - k. Let z(a) = a**2 - 2*a - 2. What is z(p)?
6
Let s(o) = 3*o**2 + 3*o - 3. Let r(k) = 7*k**2 + 5*k - 5. Let u(b) = 3*r(b) - 5*s(b). Calculate u(-1).
6
Let m(w) = 2*w**2 - 6*w + 6. Let u(r) = 6*r**2 - 5*r - 5*r - r**2 - 8*r + 18. Let b(z) = 8*m(z) - 3*u(z). Give b(-5).
-11
Let f be 9*(-1 + (-12)/(-9)) - 1. Let o(d) be the second derivative of 1/20*d**5 - 5/12*d**4 + d**2 + 0 + f*d + 5/6*d**3. What is o(4)?
6
Let a(v) = v**2 - 4*v - 3. Let t be a(5). Suppose 24 = 5*i + 9. Let p(r) = -5 + t*r + 2*r**3 + r - 4*r**2 - 3*r**i. Give p(-5).
5
Let q = 30 + -27. Let z(l) = l**3 - 5*l**2 + 3*l + 1. Give z(q).
-8
Suppose 7*o = 4*o + 6. Let n = -9 + o. Let m(h) = h**3 + 8*h**2 + 9*h + 8. What is m(n)?
-6
Let s(q) be the third derivative of q**6/120 - q**5/20 + q**3/2 + 4*q**2. Let a = -5 + 6. Let u be (5 - (-2)/(-1))*a. Determine s(u).
3
Let s(g) = -g + 2. Suppose -l + 14 = 5*q - 0*q, 4*l - 20 = -2*q. Let u be 1/l + 23/4. What is s(u)?
-4
Suppose -4*z + 28 = 2*m, -5*m + 32 = -m + 2*z. Let c be (-8)/28 - m/(-21). Let a(p) = -p**3 - p**2 - p + 14. What is a(c)?
14
Let r(y) = 5*y**2 - 9. Let t(u) = -6*u**2 + 10. Let f(c) = 7*r(c) + 6*t(c). Determine f(3).
-12
Let y(r) be the first derivative of -r**6/20 + r**5/60 + r**4/24 - 2*r**2 + 4. Let a(q) be the second derivative of y(q). What is a(-1)?
6
Let m(y) = y**3 + 2*y**2 - y. Let h be m(-2). Let p(d) = 5*d + 1. Give p(h).
11
Let j(y) = -y**2 - 1. Let n be j(-2). Let c(k) be the third derivative of -k**4/12 - k**3 - k**2. Give c(n).
4
Let n = -20 + 37. Suppose 4*r + 1 = -z + n, r - 2*z + 5 = 0. Let m(k) = 8 - r + 0*k - 3*k. Calculate m(4).
-7
Let k(w) = -2*w - 5. Let l(f) = -3*f - 5. Let s(j) = -4*k(j) + 3*l(j). Let r(i) = i - 5. Let z be r(6). Suppose 5*p - 5 = -2*b, 5*b + z - 6 = -5*p. Give s(b).
5
Let l(v) be the second derivative of 1/30*v**5 + 3/2*v**2 + 0*v**3 + 0 + 3*v - 1/24*v**4 - 1/120*v**6. Let s(c) be the first derivative of l(c). Calculate s(2).
-2
L